r**2 - r + 3. Let k be v(2). Let g = 105 - k. What is the remainder when g is divided by 14?
12
Suppose 6*d + 80 = 248. Calculate the remainder when 446 is divided by d.
26
Let a(o) = -96*o + 925. Calculate the remainder when 114 is divided by a(9).
53
Let r = 18 + -12. Let p(x) = -x**3 + 7*x**2 - 5*x - 3. Calculate the remainder when p(r) is divided by 2/3 + 7/3.
0
Let n(r) = 9*r + 5. Suppose -4*p = -3*o - 6, 2*o - 2*p - 2*p + 8 = 0. Suppose -o*s = -17 - 1. What is the remainder when n(s) is divided by 22?
20
Let u = -850 - -855. What is the remainder when 47 is divided by u?
2
Let l = -11 - -7. Let v(i) = -i**2 - 3*i + 1. Let f be v(l). What is the remainder when -4 + 2 - 3*f is divided by 4?
3
Let y(l) = -l**3 - 4*l**2 + 5*l - 5. Suppose -4*m = -3*s + 18, -4*s - 18 = 2*m - s. Let c = 27 + -17. What is the remainder when y(m) is divided by c?
7
Suppose -5*n = -u - 0 - 360, n - 61 = -2*u. What is the remainder when n is divided by 24?
23
Let l(p) = -p**3 - 14*p**2 + 13*p - 15. Let d(v) = -16*v**2 + 1. Let z be d(-1). Calculate the remainder when 1 + 55 - 8/(-4) is divided by l(z).
13
Suppose -5*k + 188 + 62 = -3*j, -2*j - 10 = 0. What is the remainder when k is divided by 19?
9
Let l(v) be the third derivative of v**6/180 + 2*v**3/3 + 5*v**2. Let p(m) be the first derivative of l(m). Calculate the remainder when 5 is divided by p(-1).
1
Suppose -2*x + 9*x = 217. Suppose 3*s + s - 32 = 0. Calculate the remainder when x is divided by s.
7
Let h(g) = 0*g + 4*g**2 - 2*g**2 - 3*g. What is the remainder when (-78 - (4 + -3))*-1 is divided by h(-3)?
25
Let c(b) = b**3 + 13*b**2 - 8*b - 190. Calculate the remainder when c(-8) is divided by 99.
95
Let n = -52 + 52. Suppose n = 2*i + z - 16, -4*z = -0*i + 2*i - 10. Let r(h) = -h. Calculate the remainder when i is divided by r(-5).
4
Let y be 105/25 - (-1)/(-5). Suppose -21 + 89 = y*j. What is the remainder when j is divided by 10?
7
Let a(g) = 4*g + 7. Suppose 5*q + l - 396 = 5*l, -3*l = 4*q - 323. Calculate the remainder when q is divided by a(5).
26
Let d(q) be the third derivative of -q**5/60 - 3*q**4/8 + 2*q**3 - q**2. What is the remainder when 74 is divided by d(-8)?
14
Suppose 65*h - 368 = 63*h. Calculate the remainder when h is divided by 17.
14
Let s(z) be the first derivative of -z**4/4 - 7*z**3/3 + z**2 - 10*z - 1. Let m be s(-8). Let t = m - -8. Calculate the remainder when t is divided by 12.
10
What is the remainder when 3/(-9)*-3 + (201 - -20) is divided by 32?
30
Let j(m) = m**3 - 9*m**2 + 14*m + 3. Let a be j(7). Suppose 0 = 4*c - a*g - 99, c - 42 = -4*g - g. Calculate the remainder when 103 is divided by c.
22
What is the remainder when 27 is divided by ((-10)/40)/((-1)/36)?
0
Let j(t) = 2*t + 37. Let b be j(-18). Let u(x) = 21*x**3 + 2*x**2 - 4*x + 2. What is the remainder when u(b) is divided by 6?
3
Suppose 0 = 3*t + r - 1575, 2*t + 2*r = 91 + 959. What is the remainder when t is divided by 17?
15
Suppose -360 = -24*a + 22*a. What is the remainder when a is divided by 26?
24
Let t(v) = 3*v - 35. Calculate the remainder when 133 is divided by t(21).
21
Suppose -3*n = -m + 6*m - 41, -2*n = m - 4. What is the remainder when 67 is divided by m?
7
Let a = -215 - -755. Calculate the remainder when a is divided by 17.
13
Let r = 21 - -4. Let m(j) = 3*j**3 - 3*j**2 + 2*j - 3. Suppose 2 = 3*i - 2*i. What is the remainder when r is divided by m(i)?
12
Let t = -15 - -31. Suppose 0 = c - 19 - 0. Suppose -18*y + c*y = 30. What is the remainder when y is divided by t?
14
Let n(i) = 23*i**2 - 3*i. Calculate the remainder when 73 is divided by n(-1).
21
What is the remainder when 178/5*(-25)/(-10) is divided by 46?
43
Let h = -9 + 44. Calculate the remainder when 49 is divided by h.
14
Suppose 0 = -2*q - 2*q + 5*w + 72, -3*q - 2*w + 31 = 0. Suppose l + 0 = q. Calculate the remainder when 38 is divided by l.
12
Calculate the remainder when 2 + 4*8 + (2 - -3) is divided by 14.
11
Suppose 5*a - 2*f = 99, 2*a = -3*f + 5*f + 36. Let u be (1 + -7)/(14/(-7)). Calculate the remainder when (-20)/((-32)/(-12) - u) is divided by a.
18
Let o be (-3)/12 + 68/16. Let t be (-4)/10 - (-306)/15. Suppose 5*d - t = o*x, -2*x + 24 - 4 = 5*d. Calculate the remainder when 9 is divided by d.
1
Let a be (1 - (-8)/(-3))*-3. Let x = -5 + a. Calculate the remainder when 55 is divided by 19 + (1 - x - 1).
17
Let o = 686 + -666. What is the remainder when 1357 is divided by o?
17
Suppose -29*p + 890 = 107. What is the remainder when p is divided by 12?
3
Let t = -7 - -9. Suppose t*s + 3*s - 595 = 0. Let q = s - 45. Calculate the remainder when q is divided by 19.
17
Suppose 0*k - 3*k = -72. What is the remainder when k is divided by (-3)/(15/10)*(-20)/8?
4
Let m(r) be the second derivative of r**4/4 - 5*r**3 + 7*r**2/2 - 17*r. Calculate the remainder when m(12) is divided by 40.
39
Suppose -8*j + 473 = -5*j + 2*m, 5*j - m - 784 = 0. What is the remainder when j is divided by 41?
34
Let x(n) = 8*n**2 + 81*n + 4 + n**3 - 8*n**3 - 75*n + 6*n**3. Let z(o) = 2*o**2 + 2*o + 1. Let p be z(-2). What is the remainder when x(p) is divided by 28?
25
Let n be (-42)/(-9)*(-24)/(-16). Suppose 0 = r - 7 - n. What is the remainder when r is divided by 9?
5
Suppose 15*h - 386 = -2*s + 19*h, 5*h = 3*s - 582. Suppose 7*v - s - 4 = 0. What is the remainder when 84 is divided by v?
26
Let h be ((-50)/(-5))/(0 - -2). Suppose 0 = -8*d + h*d + 234. Calculate the remainder when d is divided by 20.
18
Let v(q) = 9*q - 220. Calculate the remainder when 54 is divided by v(26).
12
Let z(k) = k**3 - 10*k**2 - 12*k - 66. Calculate the remainder when z(12) is divided by 42.
36
What is the remainder when (40/6)/(6/117) is divided by (231/42)/(1*2/12)?
31
What is the remainder when 34 is divided by 2/((-3)/(-6) + 0/7)?
2
Suppose -8 = -i - 0. Let v be -1 - (-2 + i/4). Calculate the remainder when 81 is divided by v*(3 + -1 + -30).
25
Suppose -30 = -m - 5*i, 5*m = 2*i + 40 + 29. Let j be ((-6)/(-9))/(8/108). Let f = m - j. What is the remainder when 29 is divided by f?
5
Suppose 2*c = -4*a + 1135 - 35, 0 = -a + c + 278. What is the remainder when a is divided by 73?
57
Let j(s) = 13*s - 155. What is the remainder when j(19) is divided by 49?
43
Let a(o) = 10*o + 3. Let q(z) = z + 1. Let u be q(5). Calculate the remainder when a(u) is divided by 111/5 + (-7)/35.
19
Let n = -145 + 195. What is the remainder when n is divided by 4?
2
Suppose 0 = 2*o - 5 - 3. What is the remainder when 69/6 - (-18)/(-12) is divided by o?
2
Let o = -73 + 133. Suppose 7*f - 3*f = o. Calculate the remainder when 55 is divided by f.
10
Let a = 86 + -80. Let l = a + 26. Calculate the remainder when l is divided by 11.
10
Suppose -5*b - 27 + 143 = 3*a, -164 = -4*a - 2*b. What is the remainder when a is divided by 22?
20
Suppose t - 21 = 20. Suppose -4*s + s + 79 = 5*m, -48 = -3*m - 2*s. What is the remainder when t is divided by m?
13
Let w(q) = -q**2 - 17*q - 39. Let k be w(-14). Suppose 0 = -0*s - s + k*j + 19, 16 = -4*j. Suppose 2*b = 4*b - 20. What is the remainder when b is divided by s?
3
Suppose 5*x - 11 = -2*w, 0 = w + 2*x - 6 - 2. Calculate the remainder when 30 is divided by w.
12
Let a be (-8)/(-10)*(15/2)/3. Suppose 0 = 2*g + 2*h - 40, -3*g - 3*h - a*h = -54. Calculate the remainder when 183 is divided by g.
22
Suppose 6*c = 8*c + 4*w - 62, -3*c + w = -100. Calculate the remainder when 129 is divided by c.
30
Let c(i) = 126*i. What is the remainder when c(1) is divided by (-1 - (-99)/72) + (-253)/(-8)?
30
Let j(g) = -17*g + 309. Calculate the remainder when 209 is divided by j(14).
67
Calculate the remainder when 40/(0 - (-1)/3) is divided by 41/((-2)/(-4) - (-4)/8).
38
Let d(p) = -5*p + 7. Calculate the remainder when d(-19) is divided by 21.
18
Suppose -5*u + w = -94, u - w = 11 + 11. Suppose -5*r + 380 - 35 = 0. Calculate the remainder when r is divided by u.
15
Suppose -5*i = -4*i - 6. Suppose -h = 12 - i. Calculate the remainder when (-9)/h*136/6 is divided by 12.
10
Let m be -5*((-105)/(-25) - 5). Suppose 2*c - 3*i = -i + 100, -2*i = -m*c + 206. What is the remainder when c is divided by 9?
8
Let i(z) = 15*z**3 - 2*z**2 + 1. Let t be i(-1). Let y = t + 40. Suppose 3*g - 115 = -2*p + 100, 3 = 3*p. Calculate the remainder when g is divided by y.
23
Suppose -36*o + 10